{"id":16,"date":"2020-05-13T09:09:27","date_gmt":"2020-05-13T07:09:27","guid":{"rendered":""},"modified":"2023-02-13T11:39:27","modified_gmt":"2023-02-13T10:39:27","slug":"kontakt","status":"publish","type":"page","link":"https:\/\/www.rcnksk.com\/?page_id=16","title":{"rendered":"Kontakt"},"content":{"rendered":"<h1>Kontakty<span id=\"contacts\" class=\"anchor\"><\/span><\/h1>\n<ul>\n<li style=\"list-style-type: none;\">\n<ul>\n<li><b>MgA. Jan \u0158\u00ed\u010dn\u00fd<\/b><\/li>\n<li><a class=\"nounderline\" href=\"mailto:rcn@rcnksk.com\">rcn@rcnksk.com<\/a><\/li>\n<li><a class=\"nounderline\" href=\"tel:+420 608 132 567\">+420&nbsp;608&nbsp;132&nbsp;567<\/a><\/li>\n<p>\t<LI><\/LI><\/p>\n<li><b>MgA. Filip Kosek<\/b><\/li>\n<li><a class=\"nounderline\" href=\"mailto:ksk@rcnksk.com\">ksk@rcnksk.com<\/a><\/li>\n<li><a class=\"nounderline\" href=\"tel:+420 777 030 425\">+420&nbsp;777&nbsp;030&nbsp;425<\/a><\/li>\n<li><b>studio<\/b><\/li>\n<li><a class=\"nounderline\" href=\"mailto:info@rcnksk.com\">info@rcnksk.com<\/a><\/li>\n<li><a class=\"nounderline\" href=\"tel:+420 605 875 464\">+420&nbsp;605&nbsp;875&nbsp;464<\/a><\/li>\n<\/ul>\n<ul>\n<li><b>Autorizace RCNKSK<\/b><\/li>\n<li>\u010cKA 4606<\/li>\n<\/ul>\n<\/li>\n<li>\n<h1>Studio<\/h1>\n<ul>\n<li style=\"list-style-type: none;\">\n<ul>\n<li><b>Koresponden\u010dn\u00ed adresa<\/b><\/li>\n<li>RCNKSK s.r.o.<\/li>\n<li>U Lu\u017eick\u00e9ho semin\u00e1\u0159e 26<\/li>\n<li>118&nbsp;00 Praha 1 \u2013 Mal\u00e1 strana<\/li>\n<li>Czech republic<\/li>\n<\/ul>\n<\/li>\n<\/ul>\n<p><a class=\"nav-link\" href=\"https:\/\/g.page\/RCNKSK?share\" target=\"_blank\" rel=\"noopener noreferrer\">Zobrazit mapu<\/a><\/p>\n<ul>\n<li><b>Faktura\u010dn\u00ed \u00fadaje\u00a0<\/b><\/li>\n<li>RCNKSK s.r.o.<\/li>\n<li>Na Pernik\u00e1\u0159ce 775\/26<\/li>\n<li>160&nbsp;00 Praha 6 \u2013 Dejvice<\/li>\n<li>Czech republic<\/li>\n<li>I\u010cO 26454351<\/li>\n<li>DI\u010c CZ26454351<\/li>\n<\/ul>\n<ul>\n<li><b>Bankovn\u00ed spojen\u00ed<\/b><\/li>\n<li>2301356317\/2010<\/li>\n<li>Bank: Fio<\/li>\n<li>IBAN: CZ6520100000002301356317<\/li>\n<li>SWIFT: fiobczppxxx<\/li>\n<\/ul>\n<\/li>\n<\/ul>\n","protected":false},"excerpt":{"rendered":"<p>Kontakty MgA. Jan \u0158\u00ed\u010dn\u00fd rcn@rcnksk.com +420&nbsp;608&nbsp;132&nbsp;567 MgA. Filip Kosek ksk@rcnksk.com +420&nbsp;777&nbsp;030&nbsp;425 studio info@rcnksk.com +420&nbsp;605&nbsp;875&nbsp;464 Autorizace RCNKSK \u010cKA 4606 Studio Koresponden\u010dn\u00ed adresa RCNKSK s.r.o. U&nbsp;Lu\u017eick\u00e9ho semin\u00e1\u0159e 26&nbsp;118&nbsp;00 Praha 1 \u2013 Mal\u00e1 strana Czech republic Zobrazit mapu Faktura\u010dn\u00ed \u00fadaje\u00a0 RCNKSK s.r.o. Na Pernik\u00e1\u0159ce 775\/26&nbsp;160&nbsp;00 Praha 6 \u2013 Dejvice Czech republic I\u010cO 26454351 DI\u010c CZ26454351 [&hellip;]<\/p>\n","protected":false},"author":1,"featured_media":303,"parent":0,"menu_order":0,"comment_status":"closed","ping_status":"closed","template":"","meta":{"footnotes":""},"class_list":["post-16","page","type-page","status-publish","has-post-thumbnail","hentry"],"_links":{"self":[{"href":"https:\/\/www.rcnksk.com\/index.php?rest_route=\/wp\/v2\/pages\/16","targetHints":{"allow":["GET"]}}],"collection":[{"href":"https:\/\/www.rcnksk.com\/index.php?rest_route=\/wp\/v2\/pages"}],"about":[{"href":"https:\/\/www.rcnksk.com\/index.php?rest_route=\/wp\/v2\/types\/page"}],"author":[{"embeddable":true,"href":"https:\/\/www.rcnksk.com\/index.php?rest_route=\/wp\/v2\/users\/1"}],"replies":[{"embeddable":true,"href":"https:\/\/www.rcnksk.com\/index.php?rest_route=%2Fwp%2Fv2%2Fcomments&post=16"}],"version-history":[{"count":35,"href":"https:\/\/www.rcnksk.com\/index.php?rest_route=\/wp\/v2\/pages\/16\/revisions"}],"predecessor-version":[{"id":3408,"href":"https:\/\/www.rcnksk.com\/index.php?rest_route=\/wp\/v2\/pages\/16\/revisions\/3408"}],"wp:featuredmedia":[{"embeddable":true,"href":"https:\/\/www.rcnksk.com\/index.php?rest_route=\/wp\/v2\/media\/303"}],"wp:attachment":[{"href":"https:\/\/www.rcnksk.com\/index.php?rest_route=%2Fwp%2Fv2%2Fmedia&parent=16"}],"curies":[{"name":"wp","href":"https:\/\/api.w.org\/{rel}","templated":true}]}}